- (15 - 5) - 17?
11
Calculate 23 + -9 + -9 - -13.
18
What is the value of 9 + (-2 - 22) + 8 + -1 + 31?
23
Evaluate -1 + 5 - (32 - (8 + 10)).
-10
What is the value of 12 + (-14 - -6) + -5?
-1
What is 10 + (8 - 6 - 0 - 9)?
3
What is -63 + (93 - 31) - (1 - 9)?
7
Calculate -13 - (-1 - (-10 + 15)).
-7
Evaluate -10 + 0 - (-70 - (-26 - -23 - 23)).
34
What is -10 - (22 + -10 - (-4 + 4))?
-22
-2 - -18 - (-7 + 14 + 0)
9
What is -12 - (10 - 14 - 3)?
-5
Calculate -2 + -15 + -7 + (7 - (-1 + 8)).
-24
Evaluate -10 - (-7 + (2 - (-3 - 7))).
-15
9 + 17 - (-8 + 45)
-11
Calculate (1 + -3 - (-514 - -503)) + (-1 - -6).
14
(-748 - -724) + (25 - 1)
0
What is (3 - (-7 + (-6 - -10))) + (1 - -13)?
20
Calculate (-92 - (37 - 67)) + 30.
-32
Calculate -2 - (18 - 8 - 10 - 8) - -1.
7
Calculate 4 - ((3 + 0 - (-18 - -14)) + 8).
-11
(-14 - -6) + 19 + -11 - -13
13
Evaluate -126 + 84 + (2 - -30).
-10
What is -1 - 5 - 8 - -12 - -30?
28
-3 - -1 - (4 + -8 + -13)
15
-11 + 23 - (9 + -2) - -6
11
Calculate 8 + (-23 - -35) + (-12 - -1).
9
1 + 2 - 12 - (-10 + 27 + -21)
-5
(-35 - -17 - 21) + 26
-13
Evaluate 8 - ((0 - (0 + 3)) + (11 - -2)).
-2
Evaluate 31 + (-21 + 24 - 3) + 4 + -15.
20
Evaluate -19 + 5 + 1 + -38 + 37 - 4.
-18
What is the value of 7 + (-6 - -9) + -12 - 3?
-5
What is 2 + -1 + -6 + -79 + 144 + -66?
-6
What is (1 - 8) + 17 + -21?
-11
-9 - -2 - (-2 + -4 - -23)
-24
(-54 - (-5 + 15 + -24)) + 14
-26
2 + 20 + -4 - 9
9
What is the value of -15 + 7 + 18 + -1 + (-2 - -5)?
12
-19 + 2 - (4 - (4 + -9))
-26
Calculate (1 + (3 - 2) - 2) + 31 + -49.
-18
-32 - (34 - (-13 - -99))
20
What is (-1 - -7 - -23 - -2) + 2 + -4?
29
Calculate (-5 + 6 - (0 + 2)) + -7.
-8
Calculate -23 - (1 + -18 + 14).
-20
Evaluate 6 + 1 + -4 + -1 + (2 - -5).
9
3 + (2 + -13 - -15 - 20)
-13
Evaluate (-7 + 6 - 16) + 6.
-11
16 - (36 - 7 - -1)
-14
-11 - (4 - (-13 + 26))
-2
What is -4 + -11 + (9 - 17) - -9?
-14
3 + (-18 - -15 - (1 + -1)) + 9
9
Evaluate 32 - 3 - (-1 + -8 - -18).
20
-3114 - -3157 - (15 - 0)
28
What is (-252 - -253) + (4 - 1) + -15?
-11
What is the value of 1 - 2 - (-78 - -86) - -17?
8
6 - (-26 - -14 - 4)
22
-8 + (0 - (-4 + 6))
-10
Calculate -156 - -168 - (33 - -3).
-24
What is the value of 2 - (-1 - -16) - -2?
-11
-38 + 19 - (-8 + (11 - 6))
-16
Calculate 8 + (-38 - -6) - -3.
-21
Evaluate -10 + (3 + -25 - -43).
11
What is -4 + -1 + 1 + 12 - 6?
2
16 + (8 + -6 - (-2 + 0 + 8))
12
What is (-1 - -7) + 3 + 4 + -1?
12
What is the value of 2 + 0 + 5 - (-23 - -33)?
-3
What is -32 - -20 - (-21 + 7)?
2
Evaluate 35 - 1 - (178 - 169) - 11.
14
What is 0 + -1 + (2 - -2) + -2 - -5?
6
What is (159 - 170 - (1 - 23)) + (0 - 41)?
-30
Calculate 9 + (-15 - -16) - 22 - -5.
-7
-21 - (-6 - (151 + -157 + -1 + 4))
-18
What is (-8 - -1 - -4) + 3?
0
Calculate -6 + 2 + -2 - (-42 + 30).
6
1 - -9 - (71 - 59)
-2
Evaluate 7 + (-4 - 8 - (6 - 3)).
-8
What is the value of 6 - ((3 - -9) + -19 - (-1 - 3))?
9
Evaluate (3 - (11 + -15)) + 10 + 2 + 1.
20
-9 - (26 - (15 - (-18 + 16)))
-18
What is the value of -10 - -3 - 1 - (2 + -6) - -15?
11
What is the value of (15 - (4 + 16)) + 19?
14
Calculate 18 + 5 + -25 + -17 + 2.
-17
Evaluate -48 + -15 + 29 + 56.
22
12 + -1 - (-46 + 21 + 16)
20
What is the value of (8 + 5 - 10) + 1 + 10?
14
What is -3 - (0 + -5 - -7 - -3)?
-8
What is -21 - 0 - (-303 + 296)?
-14
Calculate (1 - -2) + 136 + -144.
-5
What is the value of -1 + 2 + 2 + (74 - 81) - -13?
9
What is -15 + 12 + (6 - 5 - -4)?
2
Calculate -6 - (10 + (23 - 17)).
-22
0 + -7 - (3 + 2 + -14 + 8)
-6
What is (-12 - -5) + 3 - (-4 + -5)?
5
What is the value of -28 + 25 + (-6 - -18) - 11?
-2
What is the value of 32 + (-2 - 5) - 1?
24
-3 - 34 - (-457 - -433)
-13
What is (22 + -18 - 27) + 6?
-17
Calculate -2 + -51 + (-371 - -395).
-29
Calculate (11 - (21 + -8)) + -7.
-9
What is -1 - (6 - 16) - (2 - -15)?
-8
Calculate (-2 - 0) + 8 + (9 - (22 + -9)).
2
Calculate -18 + 27 + 27 + -65.
-29
Calculate -21 + 1 + 1 - ((-4 - 10) + 18).
-23
What is the value of -23 + 1 - -18 - -14?
10
1 + -1 + 4 + -2 + 45 + -26
21
What is the value of 7 + -2 + -18 + 8 - -6 - 3?
-2
2 - ((-3 - -8) + (-8 - -1)) - 7
-3
What is the value of -59 + 57 + -1 + -4 + 6?
-1
Calculate 2 - (0 + -5 + 14) - (-2 + -2).
-3
Calculate -3 + (-36 - -14) + 6.
-19
Evaluate -18 + 8 + 13 + (-5 - -4).
2
What is the value of -1 + -10 + 2 - (23 + -24 - 21)?
13
Calculate 0 + (-4 - 12 - (0 - 7)) - -23.
14
What is (5 - (-3 - (-10 - 5))) + 4?
-3
What is the value of 16 + (-3 - ((5 - 6) + 4))?
10
What is the value of 190 + -181 + (-2 - (-1 + 0))?
8
What is the value of 9 - (2 + -26 + 25)?
8
-6 + 18 - (3 - 0 - -3)
6
Calculate (-19 - (-4 - -11)) + 46.
20
30 - 25 - (3 + 1)
1
What is (22 - -1) + -22 - ((-1 - 1) + -5)?
8
What is the value of 27 + (4 - 53) + 27?
5
Evaluate 2 - (1 + (-1 + 10 - (-21 - -45))).
16
Evaluate (-2 - (-13 + 13)) + (3 + -1 - -2).
2
Evaluate -16 - (-1 + -21) - (-1 - 0).
7
Evaluate -1 - (-3 - 0) - 4 - (31 + -61).
28
What is (-44 - (-48 - -2)) + 0 + 4?
6
Calculate (0 - (1 + 0)) + -4 + 198 + -197.
-4
Calculate (-22 - -46 - (0 + 7)) + -2.
15
Evaluate 23 + -6 - 1 - (0 + 0 - -3).
13
What is the value of (-10 + 17 - 13) + -4 - -2?
-8
What is -24 + 9 + (1 + 7 - 1) + 2?
-6
Evaluate -39 - 7 - -30 - (-28 + 1).
11
What is -2 - (-6 - (-1 - 6 - 2) - -1)?
-6
Calculate 18 + (-5 - (-1 - 0)) + (0 - 2).
12
Evaluate -27 + (-22 - -19) + 46.
16
What is -3 - (3 - (11 + -4))?
1
What is -2 + (2 - (-3 - 17)) + (11 - 17)?
14
Calculate (3 - -5) + 3 + (8 - 6) - -1.
14
Evaluate 2 + (-8 - (-3 + -6)).
3
Evaluate -197 + 226 - (3 + 2 + 3).
21
What is the value of 50 - 61 - (-2 + 5 + 0)?
-14
-11 + (-6 - (-1 + -7)) - -16 - 41
-34
Calculate 2 + 14 + 26 + -101 + 44.
-15
What is the value of (-10 - 0) + 5 - (0 + 3)?
-8
Evaluate -3 + (4 - 4) + -2 + -9.
-14
What is the value of 19 - (24 + -11) - (-1 - -22)?
-15
-7 + (2 - -5) - (-1 - -8)
-7
What is the value of 13 + (-120 - -118 - (-1 - -9))?
3
Calculate 15 + (19 - 30) - (-7 - 4).
15
Evaluate -1 - -14 - 21 - 5 - -12.
-1
What is 15 + -38 + 65 + -48?
-6
Evaluate -20 + (25 + -39 - -47).
13
What is the value of -12 - (1 + (-3 - -2)) - (-8 + 4)?
-8
Evaluate -17 + (-15 - (-17 + -4)).
-11
What is the value of 1 - -7 - (-543 - -534)?
17
What is 0 + 6 + (-11 - -2 - (-52 - -39))?
10
-41 - (40 - 109 - -47)
-19
Calculate -59 + -10 + (24 - -12).
-33
What is (-1 + -15 - (11 + -20 + 1)) + -10?
-18
What is -3 + -3 + (9 - -2)?
5
What is the value of 16 + -1 - (51 + -1 - 32)?
-3
Evaluate -167 + 153 - (2 + -2 + -30).
16
What is the value of -1 - (-8 - (-14 + 23)) - -7?
23
What is the value of 5 + -24 + -7 - (0 - 15)?
-11
What is the value of -2 + 10 + (58 - 72) + 6?
0
What is 6 - (7 + 11 + -8 + -8)?
4
-2 + 2 + -4 + -5 + 11 - -2
4
Evaluate (-447 - -462) + -8 + 1 + 3 + -5.
6
Evaluate (-6 - 4 - -11) + 4.
5
Evaluate 7 + (4 - (-4 + 7)) - 11.
-3
Calculate 161 + -163 - (1 + -11 + 0).
8
Calculate (-16 + 3 - -8) + 14.
9
What is the value of 11 + -9 + (7 - (-4 - -8)) - 13?
-8
What is the value of (42 - 18) + (-18 - (6 - 11))?
11
Calculate (8 - 6 - (-7 - -2 - -5)) + -6.
-4
Calculate 37 + -3 - (-130 + 139).
25
8 + -16 + -4 + (-1 - (-3 + -5))
-5
Evaluate 38 + (-78 - (-40 + 34)).
-34
What is the value of 12 + (6 - (4 + (-20 - -13)))?
21
What is 1 - (7 - -6) - (6 + (-3 - -6))?
-21
Calculate (-25 - (-5 - 18)) + (4 - (-1 - -1)).
2
Evaluate 8 + 5 + -7 + -17.
-11
What is the value of 13 - ((-6 - (-3 + -4)) + -5 - 3)?
20
9 + -4 + 3 - (-7 - -10)
5
(0 - -1) + (5 + -5 - -9) + -9
1
What is -6 + -5 - (-5 + 14 - (-2 + -4))?
-26
Calculate 14 + (2 - 15) + -1 + -5.
-5
Evaluate -28 + 18 + -18 + 14.
-14
Evaluate -44 - (-57 + (-28 - -15)).
26
Calculate 41 + (-61 - -35) - (29 - -4).
-18
What is 18 + (-33 - -8 - -11)?
4
(-13 + 22 - -5) + -11
3
-40 + (-5 - 10 - (-12 - 11))
-32
Calculate -3 + (4 - (23 - 3)).
-19
Evaluate -11 + (-16 - (21 - 35)).
-13
What is the value of 3 - (3 - -6 - (7 + -7 - 5))?
-11
Evaluate -1 + -10 + 13 + -11 + 6.
-3
Evaluate 6 + 4 + 31 + -31.
10
Evaluate -5 + 9 + (-2 - 10) + -3 + -3.
-14
What is the value of 11 + (-4 - ((4 - 3) + 1))?
5
Evaluate 2 + (1 - -7) + 12 + -7 - -6.
21
Evaluate (3 - 12) + 16 + -5 + (-18 - -2).
-14
What is (6 - 8 - (3 + 5)) + 15?
5
0 + -4 + (0 - -9 - (79 - 63))
-11
Evaluate (34 - 64 - -37) + -6.
1
-5 + -100 + 96 + (1 - 6)
-14
Calculate 8 - (6 - (-10 - 12)) - -8.
-12
Evaluate -1 - 32 - (-304 + 299).
-28
Calcula